Dec 02 11:01:30.996 INFO testing whos-online-0.1.2 against master#8940af3cea4a9a9deabcaf843b2f8cad9a83fc61 for beta-1.31-5
Dec 02 11:01:30.996 INFO running `"docker" "create" "-v" "/mnt/big/crater/work/local/target-dirs/beta-1.31-5/worker-2/master#8940af3cea4a9a9deabcaf843b2f8cad9a83fc61:/target:rw,Z" "-v" "/mnt/big/crater/work/local/test-source/worker-2/beta-1.31-5/master#8940af3cea4a9a9deabcaf843b2f8cad9a83fc61:/source:ro,Z" "-v" "/mnt/big/crater/work/local/cargo-home:/cargo-home:ro,Z" "-v" "/mnt/big/crater/work/local/rustup-home:/rustup-home:ro,Z" "-e" "USER_ID=1000" "-e" "SOURCE_DIR=/source" "-e" "USER_ID=1000" "-e" "CMD=cargo +8940af3cea4a9a9deabcaf843b2f8cad9a83fc61-alt build --frozen" "-e" "CARGO_TARGET_DIR=/target" "-e" "CARGO_INCREMENTAL=0" "-e" "RUST_BACKTRACE=full" "-e" "RUSTFLAGS=--cap-lints=warn" "-e" "CARGO_HOME=/cargo-home" "-e" "RUSTUP_HOME=/rustup-home" "-m" "1536M" "--network" "none" "crater"`
Dec 02 11:01:31.250 INFO [stdout] 626483079f0b777b8d9e78b036b3cc5bdd1f73fc383262a8f882102469120ba5
Dec 02 11:01:31.253 INFO running `"docker" "start" "-a" "626483079f0b777b8d9e78b036b3cc5bdd1f73fc383262a8f882102469120ba5"`
Dec 02 11:01:32.544 INFO [stderr] usermod: no changes
Dec 02 11:01:33.015 INFO [stderr]    Compiling lru_time_cache v0.8.0
Dec 02 11:01:33.057 INFO [stderr]    Compiling pear_codegen v0.0.20
Dec 02 11:01:33.059 INFO [stderr]    Compiling rocket v0.3.17
Dec 02 11:01:33.061 INFO [stderr]    Compiling rocket_codegen v0.3.17
Dec 02 11:01:33.063 INFO [stderr]    Compiling daemonize v0.2.3
Dec 02 11:01:33.064 INFO [stderr]    Compiling erased-serde v0.3.6
Dec 02 11:01:33.064 INFO [stderr]    Compiling telebot-derive v0.0.12
Dec 02 11:01:33.103 INFO [stderr]    Compiling rayon v0.7.1
Dec 02 11:01:33.531 INFO [stderr] error: failed to run custom build command for `rocket v0.3.17`
Dec 02 11:01:33.531 INFO [stderr] process didn't exit successfully: `/target/debug/build/rocket-6877f3be50dcc505/build-script-build` (exit code: 101)
Dec 02 11:01:33.531 INFO [stderr] --- stderr
Dec 02 11:01:33.531 INFO [stderr] [1;31mError:[0m [37mRocket requires a nightly or dev version of Rust.[0m
Dec 02 11:01:33.531 INFO [stderr] [37mInstalled version is:[0m [33m1.31.0-beta.20 (2018-11-30)[0m. [37mMinimum required:[0m [33m1.27.0-nightly (2018-04-26)[0m.
Dec 02 11:01:33.531 INFO [stderr] [34mSee the getting started guide ([0m[37mhttps://rocket.rs/guide/getting-started/[0m[34m) for more information.[0m
Dec 02 11:01:33.531 INFO [stderr] thread 'main' panicked at 'Aborting compilation due to incompatible compiler.', /cargo-home/registry/src/github.com-1ecc6299db9ec823/rocket-0.3.17/build.rs:38:13
Dec 02 11:01:33.531 INFO [stderr] stack backtrace:
Dec 02 11:01:33.531 INFO [stderr]    0:     0x559d0006c4bf - std::sys::unix::backtrace::tracing::imp::unwind_backtrace::h3a8b83e1922cbdde
Dec 02 11:01:33.531 INFO [stderr]                                at libstd/sys/unix/backtrace/tracing/gcc_s.rs:49
Dec 02 11:01:33.531 INFO [stderr]    1:     0x559d00077e97 - std::sys_common::backtrace::print::h00d3155a29b4020f
Dec 02 11:01:33.531 INFO [stderr]                                at libstd/sys_common/backtrace.rs:71
Dec 02 11:01:33.531 INFO [stderr]                                at libstd/sys_common/backtrace.rs:59
Dec 02 11:01:33.531 INFO [stderr]    2:     0x559d00070d5f - std::panicking::default_hook::{{closure}}::hd7465c742e79e1bb
Dec 02 11:01:33.531 INFO [stderr]                                at libstd/panicking.rs:211
Dec 02 11:01:33.531 INFO [stderr]    3:     0x559d00070ac4 - std::panicking::default_hook::h9e3966f2aa2a6e12
Dec 02 11:01:33.531 INFO [stderr]                                at libstd/panicking.rs:227
Dec 02 11:01:33.531 INFO [stderr]    4:     0x559d0007138e - std::panicking::rust_panic_with_hook::h587f091ae747d080
Dec 02 11:01:33.531 INFO [stderr]                                at libstd/panicking.rs:476
Dec 02 11:01:33.531 INFO [stderr]    5:     0x559d00042ef3 - std::panicking::begin_panic::h23eecaef6526ec18
Dec 02 11:01:33.531 INFO [stderr]                                at libstd/panicking.rs:410
Dec 02 11:01:33.531 INFO [stderr]    6:     0x559d00040fb5 - build_script_build::main::hf4a58592e5df52f0
Dec 02 11:01:33.531 INFO [stderr]                                at /cargo-home/registry/src/github.com-1ecc6299db9ec823/rocket-0.3.17/build.rs:38
Dec 02 11:01:33.531 INFO [stderr]    7:     0x559d000437df - std::rt::lang_start::{{closure}}::hfed5074a970f8a15
Dec 02 11:01:33.531 INFO [stderr]                                at libstd/rt.rs:74
Dec 02 11:01:33.531 INFO [stderr]    8:     0x559d00070e02 - std::panicking::try::do_call::h52e7f80ff0fdcc45
Dec 02 11:01:33.531 INFO [stderr]                                at libstd/rt.rs:59
Dec 02 11:01:33.531 INFO [stderr]                                at libstd/panicking.rs:310
Dec 02 11:01:33.531 INFO [stderr]    9:     0x559d00082e49 - __rust_maybe_catch_panic
Dec 02 11:01:33.531 INFO [stderr]                                at libpanic_unwind/lib.rs:102
Dec 02 11:01:33.531 INFO [stderr]   10:     0x559d00060b1a - std::rt::lang_start_internal::h38cae898de7f805c
Dec 02 11:01:33.531 INFO [stderr]                                at libstd/panicking.rs:289
Dec 02 11:01:33.531 INFO [stderr]                                at libstd/panic.rs:392
Dec 02 11:01:33.531 INFO [stderr]                                at libstd/rt.rs:58
Dec 02 11:01:33.531 INFO [stderr]   11:     0x559d000437b8 - std::rt::lang_start::h646c4981e0fa06cc
Dec 02 11:01:33.531 INFO [stderr]                                at libstd/rt.rs:74
Dec 02 11:01:33.531 INFO [stderr]   12:     0x559d00041e89 - main
Dec 02 11:01:33.531 INFO [stderr]   13:     0x7f68109a582f - __libc_start_main
Dec 02 11:01:33.531 INFO [stderr]   14:     0x559d00040658 - _start
Dec 02 11:01:33.531 INFO [stderr]   15:                0x0 - <unknown>
Dec 02 11:01:33.531 INFO [stderr] 
Dec 02 11:01:33.531 INFO [stderr] warning: build failed, waiting for other jobs to finish...
Dec 02 11:01:33.671 INFO [stderr] error: failed to run custom build command for `pear_codegen v0.0.20`
Dec 02 11:01:33.671 INFO [stderr] process didn't exit successfully: `/target/debug/build/pear_codegen-545f8475d142af57/build-script-build` (exit code: 101)
Dec 02 11:01:33.671 INFO [stderr] --- stderr
Dec 02 11:01:33.671 INFO [stderr] [1;31mError:[0m [37mPear requires a nightly or dev version of Rust.[0m
Dec 02 11:01:33.671 INFO [stderr] [37mInstalled version is:[0m [33m1.31.0-beta.20 (2018-11-30)[0m. [37mMinimum required:[0m [33m1.30.0-nightly (2018-08-23)[0m.
Dec 02 11:01:33.671 INFO [stderr] thread 'main' panicked at 'Aborting compilation due to incompatible compiler.', /cargo-home/registry/src/github.com-1ecc6299db9ec823/pear_codegen-0.0.20/build.rs:31:13
Dec 02 11:01:33.671 INFO [stderr] stack backtrace:
Dec 02 11:01:33.671 INFO [stderr]    0:     0x5565a667827f - std::sys::unix::backtrace::tracing::imp::unwind_backtrace::h3a8b83e1922cbdde
Dec 02 11:01:33.671 INFO [stderr]                                at libstd/sys/unix/backtrace/tracing/gcc_s.rs:49
Dec 02 11:01:33.671 INFO [stderr]    1:     0x5565a6683c57 - std::sys_common::backtrace::print::h00d3155a29b4020f
Dec 02 11:01:33.671 INFO [stderr]                                at libstd/sys_common/backtrace.rs:71
Dec 02 11:01:33.671 INFO [stderr]                                at libstd/sys_common/backtrace.rs:59
Dec 02 11:01:33.671 INFO [stderr]    2:     0x5565a667cb1f - std::panicking::default_hook::{{closure}}::hd7465c742e79e1bb
Dec 02 11:01:33.671 INFO [stderr]                                at libstd/panicking.rs:211
Dec 02 11:01:33.671 INFO [stderr]    3:     0x5565a667c884 - std::panicking::default_hook::h9e3966f2aa2a6e12
Dec 02 11:01:33.671 INFO [stderr]                                at libstd/panicking.rs:227
Dec 02 11:01:33.671 INFO [stderr]    4:     0x5565a667d14e - std::panicking::rust_panic_with_hook::h587f091ae747d080
Dec 02 11:01:33.671 INFO [stderr]                                at libstd/panicking.rs:476
Dec 02 11:01:33.671 INFO [stderr]    5:     0x5565a664ecb3 - std::panicking::begin_panic::h4e3730271beb8b92
Dec 02 11:01:33.671 INFO [stderr]                                at libstd/panicking.rs:410
Dec 02 11:01:33.671 INFO [stderr]    6:     0x5565a664cd78 - build_script_build::main::hd397855388fb565b
Dec 02 11:01:33.671 INFO [stderr]                                at /cargo-home/registry/src/github.com-1ecc6299db9ec823/pear_codegen-0.0.20/build.rs:31
Dec 02 11:01:33.671 INFO [stderr]    7:     0x5565a664f59f - std::rt::lang_start::{{closure}}::h7b3193c265bb446b
Dec 02 11:01:33.671 INFO [stderr]                                at libstd/rt.rs:74
Dec 02 11:01:33.671 INFO [stderr]    8:     0x5565a667cbc2 - std::panicking::try::do_call::h52e7f80ff0fdcc45
Dec 02 11:01:33.671 INFO [stderr]                                at libstd/rt.rs:59
Dec 02 11:01:33.671 INFO [stderr]                                at libstd/panicking.rs:310
Dec 02 11:01:33.671 INFO [stderr]    9:     0x5565a668ec09 - __rust_maybe_catch_panic
Dec 02 11:01:33.671 INFO [stderr]                                at libpanic_unwind/lib.rs:102
Dec 02 11:01:33.671 INFO [stderr]   10:     0x5565a666c8da - std::rt::lang_start_internal::h38cae898de7f805c
Dec 02 11:01:33.671 INFO [stderr]                                at libstd/panicking.rs:289
Dec 02 11:01:33.671 INFO [stderr]                                at libstd/panic.rs:392
Dec 02 11:01:33.671 INFO [stderr]                                at libstd/rt.rs:58
Dec 02 11:01:33.671 INFO [stderr]   11:     0x5565a664f578 - std::rt::lang_start::h40513075cbc2edc4
Dec 02 11:01:33.671 INFO [stderr]                                at libstd/rt.rs:74
Dec 02 11:01:33.671 INFO [stderr]   12:     0x5565a664dc49 - main
Dec 02 11:01:33.671 INFO [stderr]   13:     0x7f29f031d82f - __libc_start_main
Dec 02 11:01:33.671 INFO [stderr]   14:     0x5565a664c658 - _start
Dec 02 11:01:33.671 INFO [stderr]   15:                0x0 - <unknown>
Dec 02 11:01:33.671 INFO [stderr] 
Dec 02 11:01:33.671 INFO [stderr] warning: build failed, waiting for other jobs to finish...
Dec 02 11:01:33.715 INFO [stderr] error: failed to run custom build command for `rocket_codegen v0.3.17`
Dec 02 11:01:33.715 INFO [stderr] process didn't exit successfully: `/target/debug/build/rocket_codegen-3a54d251231151b7/build-script-build` (exit code: 101)
Dec 02 11:01:33.715 INFO [stderr] --- stderr
Dec 02 11:01:33.715 INFO [stderr] [1;31mError:[0m [37mRocket requires a nightly or dev version of Rust.[0m
Dec 02 11:01:33.715 INFO [stderr] [37mInstalled version is:[0m [33m1.31.0-beta.20 (2018-11-30)[0m. [37mMinimum required:[0m [33m1.30.0-nightly (2018-08-23)[0m.
Dec 02 11:01:33.715 INFO [stderr] [34mSee the getting started guide ([0m[37mhttps://rocket.rs/guide/getting-started/[0m[34m) for more information.[0m
Dec 02 11:01:33.715 INFO [stderr] thread 'main' panicked at 'Aborting compilation due to incompatible compiler.', /cargo-home/registry/src/github.com-1ecc6299db9ec823/rocket_codegen-0.3.17/build.rs:38:17
Dec 02 11:01:33.715 INFO [stderr] stack backtrace:
Dec 02 11:01:33.715 INFO [stderr]    0:     0x55640e67d4af - std::sys::unix::backtrace::tracing::imp::unwind_backtrace::h3a8b83e1922cbdde
Dec 02 11:01:33.715 INFO [stderr]                                at libstd/sys/unix/backtrace/tracing/gcc_s.rs:49
Dec 02 11:01:33.715 INFO [stderr]    1:     0x55640e688e87 - std::sys_common::backtrace::print::h00d3155a29b4020f
Dec 02 11:01:33.715 INFO [stderr]                                at libstd/sys_common/backtrace.rs:71
Dec 02 11:01:33.715 INFO [stderr]                                at libstd/sys_common/backtrace.rs:59
Dec 02 11:01:33.715 INFO [stderr]    2:     0x55640e681d4f - std::panicking::default_hook::{{closure}}::hd7465c742e79e1bb
Dec 02 11:01:33.715 INFO [stderr]                                at libstd/panicking.rs:211
Dec 02 11:01:33.715 INFO [stderr]    3:     0x55640e681ab4 - std::panicking::default_hook::h9e3966f2aa2a6e12
Dec 02 11:01:33.715 INFO [stderr]                                at libstd/panicking.rs:227
Dec 02 11:01:33.715 INFO [stderr]    4:     0x55640e68237e - std::panicking::rust_panic_with_hook::h587f091ae747d080
Dec 02 11:01:33.715 INFO [stderr]                                at libstd/panicking.rs:476
Dec 02 11:01:33.715 INFO [stderr]    5:     0x55640e653ee3 - std::panicking::begin_panic::h3cdb33aadd4ba46c
Dec 02 11:01:33.715 INFO [stderr]                                at libstd/panicking.rs:410
Dec 02 11:01:33.715 INFO [stderr]    6:     0x55640e651fb4 - build_script_build::main::hf707b40a95e32645
Dec 02 11:01:33.715 INFO [stderr]                                at /cargo-home/registry/src/github.com-1ecc6299db9ec823/rocket_codegen-0.3.17/build.rs:38
Dec 02 11:01:33.715 INFO [stderr]    7:     0x55640e6547cf - std::rt::lang_start::{{closure}}::h6448f073247729bf
Dec 02 11:01:33.715 INFO [stderr]                                at libstd/rt.rs:74
Dec 02 11:01:33.715 INFO [stderr]    8:     0x55640e681df2 - std::panicking::try::do_call::h52e7f80ff0fdcc45
Dec 02 11:01:33.715 INFO [stderr]                                at libstd/rt.rs:59
Dec 02 11:01:33.715 INFO [stderr]                                at libstd/panicking.rs:310
Dec 02 11:01:33.715 INFO [stderr]    9:     0x55640e693e39 - __rust_maybe_catch_panic
Dec 02 11:01:33.715 INFO [stderr]                                at libpanic_unwind/lib.rs:102
Dec 02 11:01:33.715 INFO [stderr]   10:     0x55640e671b0a - std::rt::lang_start_internal::h38cae898de7f805c
Dec 02 11:01:33.715 INFO [stderr]                                at libstd/panicking.rs:289
Dec 02 11:01:33.715 INFO [stderr]                                at libstd/panic.rs:392
Dec 02 11:01:33.715 INFO [stderr]                                at libstd/rt.rs:58
Dec 02 11:01:33.715 INFO [stderr]   11:     0x55640e6547a8 - std::rt::lang_start::h3a7d4f3d64909f8d
Dec 02 11:01:33.715 INFO [stderr]                                at libstd/rt.rs:74
Dec 02 11:01:33.715 INFO [stderr]   12:     0x55640e652e79 - main
Dec 02 11:01:33.715 INFO [stderr]   13:     0x7f9d56de282f - __libc_start_main
Dec 02 11:01:33.715 INFO [stderr]   14:     0x55640e651658 - _start
Dec 02 11:01:33.715 INFO [stderr]   15:                0x0 - <unknown>
Dec 02 11:01:33.715 INFO [stderr] 
Dec 02 11:01:33.715 INFO [stderr] warning: build failed, waiting for other jobs to finish...
Dec 02 11:01:39.606 INFO [stderr] error[E0554]: #![feature] may not be used on the beta release channel
Dec 02 11:01:39.607 INFO [stderr]  --> /cargo-home/registry/src/github.com-1ecc6299db9ec823/telebot-derive-0.0.12/src/lib.rs:1:5
Dec 02 11:01:39.607 INFO [stderr]   |
Dec 02 11:01:39.607 INFO [stderr] 1 |     #![feature(try_from)]
Dec 02 11:01:39.607 INFO [stderr]   |     ^^^^^^^^^^^^^^^^^^^^^
Dec 02 11:01:39.607 INFO [stderr] 
Dec 02 11:01:39.608 INFO [stderr] error: aborting due to previous error
Dec 02 11:01:39.608 INFO [stderr] 
Dec 02 11:01:39.608 INFO [stderr] For more information about this error, try `rustc --explain E0554`.
Dec 02 11:01:39.643 INFO [stderr] error: Could not compile `telebot-derive`.
Dec 02 11:01:39.643 INFO [stderr] 
Dec 02 11:01:39.643 INFO [stderr] To learn more, run the command again with --verbose.
Dec 02 11:01:39.651 INFO [stderr] su: No module specific data is present
Dec 02 11:01:40.456 INFO running `"docker" "inspect" "626483079f0b777b8d9e78b036b3cc5bdd1f73fc383262a8f882102469120ba5"`
Dec 02 11:01:40.734 INFO running `"docker" "rm" "-f" "626483079f0b777b8d9e78b036b3cc5bdd1f73fc383262a8f882102469120ba5"`
Dec 02 11:01:40.959 INFO [stdout] 626483079f0b777b8d9e78b036b3cc5bdd1f73fc383262a8f882102469120ba5
